/(-4))/((-9)/(-72)). Is (-2)/k - 3768/(-18) a composite number?
True
Suppose -4*s = 2*b - 23030, -b - 4*b = s - 5753. Suppose 6*f = 15488 + s. Is f composite?
False
Suppose -8 + 21 = 2*o - k, -4*o = -3*k - 31. Let c(a) = 1 - 5*a**2 + 8*a**3 + 7*a - 3*a + 0. Is c(o) a composite number?
False
Suppose -4*h - s = -34065 - 19102, -4*s - 66443 = -5*h. Is h prime?
True
Let c(s) = -s - 6. Let i be c(-8). Suppose -l = i*l - 6. Suppose -14 = l*m - 82. Is m prime?
False
Let m(c) = c - 12. Let u be m(14). Is (-2)/((12/(-1077))/u) prime?
True
Let c be 9*(-2)/6*8/(-6). Is 11189/c - (-8)/(-32) prime?
True
Let g be (-3)/6*0*2/(-8). Let y(a) = -4*a + 115. Is y(g) composite?
True
Suppose 17*c + 3*c = 413740. Is c a prime number?
False
Suppose -5*n + 0*n = -2400. Let z = 936 - n. Suppose -h = y + 4*y - z, 5*y - 1358 = -3*h. Is h a composite number?
True
Suppose 35 = m - 6*m. Let b(f) = 8*f**2 + 10*f + 7. Is b(m) composite?
True
Suppose 2*r + 4 - 8 = 0. Suppose -5*o = -4*a + 1014, -351 - 657 = -4*a + r*o. Is a prime?
True
Let g be (-4)/10 + (-192)/(-30). Let w be 5/((-15)/g) - -3. Is 141/6 - w/2 a prime number?
True
Suppose 530*r - 518*r = 964212. Is r prime?
False
Let b(m) = -281*m - 4. Suppose 0 = s + t + 4*t + 8, -2*s - 3*t - 9 = 0. Is b(s) prime?
True
Is ((-137502)/36)/((-3)/(-12)*-2) a composite number?
False
Let m be 3 + -3*(-10)/(-6) - -1038. Suppose 0 = -87*t + 91*t - m. Is t composite?
True
Let p(t) = -1. Let h(z) = -z**2 - 12*z - 15. Let g(m) = h(m) - 6*p(m). Let u be g(-10). Suppose 0 = -10*q + u*q - 317. Is q prime?
True
Suppose 83*g - 61929 = 62*g. Is g composite?
True
Let d be (11 + -11)/(-2*1). Let t = 3 - -1. Suppose d*k + t*k = 2956. Is k composite?
False
Let y(z) = 108*z**2 - 16*z - 159. Is y(17) a composite number?
False
Suppose 2*l - b = -l + 6, 5*b = 4*l - 19. Let a be -135*(44/12)/l. Let j = 1126 + a. Is j prime?
True
Let p = -678 + 386. Suppose 5*g = 221 - 896. Let j = g - p. Is j prime?
True
Let l = -69 + 109. Let n = 121 + l. Suppose -4*z = -5*z + n. Is z a composite number?
True
Let k be 73 + ((-4 - -1) + 4 - 1). Suppose -2*n + 3*h + 84 = 0, 4*h + 56 = 3*n - 68. Let q = k - n. Is q composite?
False
Let g(j) = 7*j**2 + 4*j + 4. Let y be g(-5). Let r = y - 74. Is -1*(-3 + -1 - r) prime?
True
Let n = -5 - -5. Suppose 3*o - 1141 = -p, n*p = 5*o + p - 1899. Is o a prime number?
True
Is -5 - (-9)/(27/11496) a composite number?
True
Let x = 94376 + -60969. Is x composite?
True
Suppose 169*f = 177*f - 708712. Is f a prime number?
True
Suppose 3*v = u + v, -4*u = -5*v - 6. Let b be -2*1*(-22)/u. Let l = b + 74. Is l a composite number?
True
Is ((-8592)/(-9) + -2)/((-138)/(-1449)) prime?
False
Suppose -55 = -3*s + 2*d, -2*s = 3*s - 3*d - 91. Let y = -13 + s. Let x(r) = r - 1. Is x(y) a prime number?
True
Let w = -23982 - -107441. Is w a composite number?
False
Let d(h) = -7604*h - 595. Is d(-9) a composite number?
True
Let z be 4/24 - 11/(-6). Suppose 3*y + 5*b - 649 = 0, -2*y - z*y = 2*b - 884. Is y composite?
False
Let z be (-5 - -2)/((-3)/2). Suppose 3*i + z*i - 1055 = 0. Is i composite?
False
Let n(r) = -5*r - 2. Let q be n(-2). Let j(k) = -16*k + 6 - 5 + q. Is j(-5) prime?
True
Let s = 35 - 30. Suppose s*d = 5574 + 2231. Is d composite?
True
Suppose 0 = 2*f - f - 3*a - 3, f - 4 = 2*a. Suppose 0 = 3*y - 3 - f. Suppose 0 = -y*k - l + 263, 2*l + 568 = 5*k + 148. Is k a prime number?
False
Suppose 4 + 6 = 5*l. Suppose 2*h + l*h = 1016. Is h a composite number?
True
Let k(n) be the second derivative of -53*n**3/6 - 2*n. Let v be k(-3). Let s = v + -74. Is s a composite number?
True
Suppose 0 = n - r - 12417 - 14583, 2*n = -3*r + 54015. Is n a composite number?
True
Suppose -1871 = 3*m + 3526. Suppose -58*a - 5066 = 5*w - 60*a, -2*w - 2033 = -3*a. Let o = w - m. Is o a prime number?
True
Let i(j) = -41*j**3 - 7*j**2 - 51*j + 13. Is i(-6) composite?
False
Let q = 17885 - 9532. Is q prime?
True
Let t(d) = -6*d**2 - 4*d - 7. Let s(x) = 17*x**2 + 13*x + 22. Let u(v) = 2*s(v) + 7*t(v). Let f be u(4). Is 3 - (3 - 2) - f prime?
False
Suppose -2*p - 114 + 1628 = 0. Suppose u = -m - 3*u - 7, -5*u = -4*m + 35. Suppose -l + 0*l + 239 = 5*r, -m*r - p = -3*l. Is l a composite number?
True
Suppose -38672 - 19259 = -19*p. Is p a composite number?
False
Let a(p) = 3126*p**3 + p**2 - 2*p - 1. Is a(2) a prime number?
False
Let n(i) = 1819*i + 2. Let c be n(2). Let v be -3 + (-1955 - 11 - 0). Let z = v + c. Is z composite?
True
Let u = 21422 - 6009. Is u a prime number?
True
Let j(b) = -b**3 - 9*b**2 - 5*b - 7. Let s be j(-6). Let v = 37 + s. Is (-4476)/v + 1/(-4) composite?
True
Suppose -4459 = 17*p + 233. Let h = -2 - -3. Is h/(-3*4/p) a composite number?
False
Let u(m) = -689*m. Suppose 12*j + 3 = 9*j. Is u(j) a composite number?
True
Let p(j) = 267*j + 4. Let l(y) = -133*y - 3. Let i(x) = 5*l(x) + 2*p(x). Is i(-6) a prime number?
False
Let n(g) = 11861*g. Is n(1) a prime number?
False
Suppose 80*c + d = 82*c - 126754, -2*c + 126754 = 4*d. Is c composite?
False
Suppose 2*w = -5*v - 70, -2*w - 35 = -w + 2*v. Let f = w - -174. Is f composite?
False
Suppose 3*l = 6 - 276. Let j(b) = b - 64. Let r be j(0). Let i = r - l. Is i composite?
True
Let a = -6 + 6. Let q(w) = 3*w**2 + w + 1361. Is q(a) a composite number?
False
Let p be ((-143)/33)/(2/246). Is (-4 - p) + 2 + 2 a prime number?
False
Let b be 3/3*7 + -2. Suppose b*o = 222 + 193. Is o prime?
True
Let j = 261 - 172. Is j composite?
False
Let l = -307 - -47. Let o = 565 + l. Is o a composite number?
True
Let i = 12 - 9. Let j(g) = g**2 - 3. Let z be j(i). Suppose 0 = z*d - d - 415. Is d composite?
False
Let h(t) = -10*t**3 + 11*t**2 + 9*t - 10. Let o = -2 - 6. Let a be h(o). Is a/30 + (-6)/15 a prime number?
True
Suppose 2*k = 4*p - 106680, 0 = -p - 2*k + k + 26667. Is p composite?
False
Let o be -1185*(-3 - 8/(-3)). Let h = -142 + o. Is h a composite number?
True
Let n be (6/4)/((-6)/(-8)). Is ((-5)/2)/(n/(-148)) a composite number?
True
Suppose -7*b - 34842 = -2*g - 9*b, -20 = -5*b. Is g prime?
True
Suppose -3*b + 5789 = u - b, -4*u + 23178 = -3*b. Is u a composite number?
True
Suppose 3*q - 78911 = -4*p, 0*q = 3*q - 2*p - 78935. Is q a composite number?
False
Suppose 160 = -f - 224. Let b = f + 567. Is b a composite number?
True
Suppose 0 = 3*v - 7*v + 16, -5*v = -5*i + 51765. Is i a composite number?
False
Let z(q) = 3*q**2 + 16*q - 38. Is z(-15) composite?
False
Let f(z) = 382*z**2 - 26*z + 275. Is f(9) composite?
False
Let l = 886 - -74. Let b be (-2)/(-3) + ((-312)/36)/(-2). Suppose 5*w = -b*f + l, -f - f + 379 = -3*w. Is f prime?
True
Is 7*251 + 3 + -3 + 2 prime?
True
Let k = -10228 + 19019. Is k composite?
True
Suppose 31*i - 13074 = 25*i. Is i prime?
True
Suppose 2 = -15*b + 16*b. Suppose 0*z - 166 = -b*z. Is z prime?
True
Suppose 2*s + 2*s + 32420 = -2*o, -s + 3*o - 8098 = 0. Let z be 2 - ((-8)/1)/1. Is 4/z - s/40 a prime number?
False
Let i be 4*-1*(2 + -3). Suppose i*g = 3*g. Is (-113)/(-2)*(g - -2) prime?
True
Suppose 0 = 8*g - 19*g - 1738. Let j = 1893 + g. Is j composite?
True
Let j(f) = 2*f**3 + 60*f + 15. Is j(7) prime?
False
Let g(k) = 5*k**3 - 14*k**2 - 9*k - 45. Is g(11) prime?
True
Suppose -5*k + 3624 = -8356. Suppose -3*v + 5*v = k. Suppose -41 - v = -3*s. Is s a prime number?
False
Let l be (-56)/(((-2)/(-10))/(1/2)). Let i = l + 451. Is i prime?
True
Let k = -249 - 315. Let d = 2041 + k. Is d prime?
False
Suppose -4*c - 12 = 0, -4*r + 3*r + c - 8 = 0. Let w(j) = -8*j - 35. Is w(r) prime?
True
Let x be ((-2)/4)/(1/4). Let u be 3*(1 + x/6). Suppose -u*i + 134 + 272 = 0. Is i a prime number?
False
Let z = 18374 + -11963. Is z prime?
False
Suppose -21*n - s = -18*n - 10054, -4*n - 4*s + 13392 = 0. Is n a prime number?
False
Let i = -6 + 8. Suppose i*a - 26 - 22 = 0. Suppose -5*d = h - 2*d - a, -d - 5 = 0. Is h composite?
True
Let y(x) = 10*x**2 + 3*x + 6. Suppose -2*p = -3*g + 22, p - 5*g = -1 + 4. Is y(p) a prime number?
False
Let z(t) = 401*t - 24. Let k be z(14). Suppose 9*x = -x + k. Is x a composite number?
True
Let t(k) = -k**3 + 2*k**2 - 24*k + 50. Is t(-13) a composite number?
False
Suppose 9354 = 4*y + 5*o + 1919, 5*y - 9350 = 5*o. Is y a composite number?
True
Suppose -4*q - 366 = -s, 2*q + 121 - 1149 = -3*s. Let m = 1661 - s. Is m composite?
True
Let m(w) = w**3 - 2453. Let a b